*b = -2*b + 76. What is the greatest common factor of i and 17?
17
Let p = 45 - 25. Suppose 5*q + p = -0. Let y = 14 - q. Calculate the highest common factor of y and 45.
9
Suppose 6*j = j - 10. Let r = j + 1. Let f be (4 - r)/(1/9). What is the highest common divisor of 9 and f?
9
Suppose 6*d = -0*d + 72. Let q be (-30)/(-24) + (-3)/d. Let k = 3 - 2. What is the greatest common divisor of q and k?
1
Let t(k) = -5*k + 1 - 1 + 2*k**3 - 6*k**2 - 3*k**3. Let c be t(-5). Let f(d) = -d + 13. Let w be f(c). Calculate the highest common divisor of w and 117.
13
Suppose 0 = 5*w - 3*w - 6. Let r = -6 + 9. Calculate the greatest common factor of w and r.
3
Let h(w) = -w**2 - 14*w + 7. Let z(b) = -b**2 - 2*b + 4. Let q be z(-5). Let m be h(q). Suppose 0*o - 10 = -o. Calculate the highest common factor of o and m.
10
Suppose -5*c + 2*c = -x - 373, 5*x = -5*c + 655. Let i = 72 + c. What is the highest common factor of i and 18?
18
Let z be -1 + (2 - 3) - -83. What is the greatest common factor of z and 54?
27
Let a be 1/(-4) + 242/8. Let r be (-1 - 1)*(-9)/6. Let t = 15 - r. What is the highest common divisor of t and a?
6
Let j(q) = -q + 1. Let l be j(2). Let y = l - 0. Let k be (-4 + y)*(-6)/10. Calculate the greatest common divisor of k and 18.
3
Let h(p) = -7*p - 1. Let q be h(-3). Calculate the greatest common divisor of q and 20.
20
Suppose 0 = 15*f - 12*f - 90. Calculate the highest common factor of 15 and f.
15
Let g = 14 + 4. Calculate the highest common factor of g and 126.
18
Let s = -1 + 3. Suppose 0 = -u - s*h - 9, -3*u - 2*h = -7*h - 28. Calculate the highest common divisor of u and 1.
1
Let n(x) = -x**3 - 28*x**2 + 28*x + 8. Let r be n(-29). What is the highest common divisor of r and 333?
37
Let s(k) = k**2 - 8*k - 5. Let w = 15 + 12. Suppose 2*z + 9 = w. Let l be s(z). Calculate the highest common divisor of 28 and l.
4
Suppose 0 = 10*v - 8*v - 16. What is the highest common divisor of 2 and v?
2
Let l = -9 + 5. Let x be (-2 - l/4) + 109. Let t = -11 + 23. Calculate the greatest common factor of x and t.
12
Suppose -3*l - 105 = -486. Let a = l + -17. Suppose -2*v + 3*y = -26, 2*v + 2*v - 4*y - 48 = 0. Calculate the highest common divisor of v and a.
10
Let l(v) = 0 + 2 - v - 3. Let c be l(-9). What is the highest common divisor of 24 and c?
8
Suppose -4*h + 26 = 2*d, 25 = 4*h + 3*d - 6. Suppose 5*z + h*x = 2*x + 76, -z + 26 = 4*x. What is the greatest common divisor of z and 154?
14
Let j be (-1152)/(-10) + (-4)/20. Calculate the highest common divisor of j and 23.
23
Let b = 12 - -22. What is the greatest common factor of 374 and b?
34
Let w(x) = x**2 + 2*x - 3. Let y be w(-5). Suppose 0*o = 2*o - y. Suppose 2*p + 60 = o*p. Calculate the greatest common divisor of p and 105.
15
Suppose 2*m - 20 = -3*m. Let v(i) = -i + 10. Let o be v(0). Suppose -2*p = -4*p - o, m*h - 5*p - 81 = 0. What is the highest common factor of h and 70?
14
Let v be (-56)/(-16) - (-2)/(-4). What is the highest common factor of 27 and v?
3
Suppose 2*u - 2*n = 10, -3*u - 5*n + 2 = -5*u. Let q(y) = -y + 5. Let c be q(u). Let g be (c/(-2))/(-2) - -13. Calculate the highest common factor of 8 and g.
4
Let r be (7/(-1))/((-9)/135). Calculate the highest common factor of 15 and r.
15
Let a = 125 - 115. Calculate the greatest common factor of 190 and a.
10
Let t = -27 - -62. Suppose 438*o + 42 = 441*o. What is the greatest common factor of o and t?
7
Let n be 3 - 18*(0 + 2/(-3)). Calculate the greatest common divisor of 165 and n.
15
Let h be (-13)/(2 + (-3)/2). Let j = h + 38. Let m be -12*(2 - 5/2). Calculate the highest common divisor of j and m.
6
Let i = -182 + 259. Suppose -j - 4*j + 35 = 0. Calculate the highest common divisor of i and j.
7
Suppose -3*d + 1023 = 3*i, 2*d = -d + 4*i + 1058. Let g = d + -231. What is the highest common factor of 23 and g?
23
Let o be (14*1 - 0)/1. Let x(l) = 31*l**2 - l. Let b be x(-2). Calculate the greatest common divisor of b and o.
14
Let q = 6 - 3. Suppose -s + q = 0, 0 = -d - 2*s + 16. Calculate the highest common divisor of d and 90.
10
Let w = 119 + -47. Calculate the greatest common divisor of 24 and w.
24
Let s(v) = 11*v - 3. Let z be s(-5). Let r = 12 - z. What is the greatest common divisor of 10 and r?
10
Let l(t) = -2*t + 1. Let z = 22 - 3. Suppose -i - 2*y = 4*i, -z = -3*i - 5*y. Let x be l(i). What is the greatest common factor of x and 5?
5
Suppose 8 = 4*f, 3*f = -r + f + 29. What is the greatest common factor of r and 50?
25
Suppose 5*u + 2 = -13. Let v(x) = -16*x - 3. Let f be v(u). What is the greatest common divisor of 5 and f?
5
Suppose -7*a - 16 = -5*a. Let x be (a/(-6))/((-12)/(-234)). What is the highest common factor of 13 and x?
13
Let l(b) = -b + 5. Let d be l(5). Let i(m) = 0*m + 2*m**2 - 11 - 3*m**2 + 14 + m. Let v be i(d). What is the highest common factor of v and 9?
3
Suppose 6*q - 3*q = 294. What is the greatest common factor of 14 and q?
14
Suppose -c + 113 + 129 = 0. Calculate the highest common divisor of 22 and c.
22
Let h(p) = -p + 10. Let r be h(-9). What is the highest common divisor of r and 209?
19
Suppose 2*t + 5*x = -6, 3*x - 2 = -2*t - 4. What is the greatest common divisor of t and 8?
2
Let r(g) = -g**2 - 11*g + 1. Let t be r(-11). Calculate the greatest common factor of t and 9.
1
Let p = 16 - 11. Suppose 0 = v + p*x - 44, 0 = 2*v - 0*x + x - 106. What is the highest common divisor of v and 9?
9
Let t be ((-3)/(-2))/((-2)/(-4)). Suppose t*r - 34 = 8. Suppose -4*h + 27 = a - 28, -3*h + 5*a + 47 = 0. What is the highest common factor of r and h?
14
Let p = 261 + -165. Calculate the greatest common divisor of 12 and p.
12
Suppose 6*a - 2*a - 144 = 0. What is the greatest common factor of 6 and a?
6
Suppose 2*b + 3*d = 0, 6 = -0*d - 3*d. Calculate the highest common divisor of b and 1.
1
Let s be 1*7 + (0 - -1). Suppose -3*i = -69 - 27. Calculate the greatest common factor of s and i.
8
Let k(f) = -10*f - 21. Let s be k(-5). Calculate the greatest common factor of s and 232.
29
Let a be 0/(-3) + -4 + 2. Let i be 45/5 - a/2. Suppose -2*t + 3*t = 2. Calculate the highest common divisor of i and t.
2
Let c = -30 + 46. Let s be ((-27)/12)/(-3)*c. Let w be 176/10 - 8/(-20). Calculate the highest common divisor of s and w.
6
Let u(q) = q**3 + 11*q**2 - 12*q + 6. Let p be u(-12). What is the highest common divisor of p and 15?
3
Let y(u) = u**2 - 7*u - 7. Suppose 2*m + 11 = -9. Let l be (-3)/3 - 1*m. Let t be y(l). What is the highest common divisor of 99 and t?
11
Let q = -63 + 273. What is the highest common divisor of q and 30?
30
Suppose -14 = -y - 4*t, -t = 5*y - y - 26. Let q = 12 - -3. What is the greatest common factor of q and y?
3
Let l = 15 + -12. Suppose -20 = -4*r, 0 = -l*k - k - 3*r + 655. What is the highest common divisor of 20 and k?
20
Let h(x) = -x**2 + x. Let r be h(2). Let z be r - -4 - 47/1. Let m be (-2)/(-9) - 2420/z. Calculate the greatest common factor of 6 and m.
6
Let h(d) = 4*d**2 - 14*d + 5. Let o be h(9). Suppose 61 = 3*f - o. Calculate the highest common factor of 8 and f.
8
Let b = 328 + -198. Calculate the greatest common divisor of 26 and b.
26
Let g = -9 + 0. Let j = -7 - g. Suppose -j*k = -0*k - 4. Calculate the highest common factor of k and 18.
2
Let j(v) = -84*v**3 - v**2 + v + 2. Let u be j(-1). What is the highest common divisor of 12 and u?
12
Let o = 359 - 247. Calculate the greatest common factor of 14 and o.
14
Let f(s) = -s**3 + 2*s**2 + 2*s - 2. Let d be f(-2). What is the highest common factor of 5 and d?
5
Let f = 34 - 21. What is the highest common factor of 13 and f?
13
Suppose o + 6 + 28 = 4*g, o - 3*g = -30. Suppose -4*n - 4*z + 120 = n, 0 = -4*n + 3*z + 127. Let j = n + o. Calculate the highest common divisor of j and 10.
10
Suppose 0 = 5*m, 2*j = -4*m + 166 + 134. What is the greatest common factor of j and 15?
15
Let o(y) = y**3 - 5*y**2 + 4*y + 4. Suppose 4*d - 2 + 18 = 0, -4*d = 2*w + 6. Let h be o(w). Calculate the greatest common divisor of 36 and h.
12
Let k(l) = 13*l - 11. Let q be k(5). Calculate the highest common factor of q and 27.
27
Suppose -3*s = -s + 3*y - 61, 102 = 3*s + y. What is the highest common factor of s and 315?
35
Let y be 2 + -1*4 - -7. Let b = y - -3. Calculate the greatest common divisor of b and 20.
4
Suppose 